mon factor of 36833484 and 394?
394
Calculate the highest common divisor of 1302 and 50862258.
186
Calculate the greatest common factor of 260 and 27763060.
260
Calculate the greatest common divisor of 4044812 and 21634.
746
Calculate the greatest common divisor of 1245234 and 10950.
438
What is the greatest common divisor of 43420230 and 315?
315
What is the greatest common factor of 177238 and 230?
46
What is the greatest common factor of 884 and 23352407?
221
Calculate the highest common factor of 14098 and 1634570.
266
Calculate the highest common divisor of 253626 and 13534968.
6186
What is the highest common divisor of 15 and 70732440?
15
What is the highest common divisor of 560037969 and 1205?
241
Calculate the greatest common divisor of 233507857 and 121.
121
Calculate the highest common divisor of 155649 and 314061.
921
Calculate the greatest common divisor of 285 and 329094915.
285
Calculate the highest common factor of 128 and 43263872.
128
Calculate the highest common divisor of 5562 and 387692.
206
What is the greatest common divisor of 37879800 and 2175?
2175
What is the greatest common factor of 453 and 25858750?
151
Calculate the greatest common divisor of 1306734 and 6721.
143
Calculate the highest common divisor of 20802429 and 36.
9
What is the highest common factor of 25080 and 1760452980?
12540
What is the greatest common factor of 168484178 and 136?
34
Calculate the highest common factor of 1956 and 108331756.
652
What is the highest common divisor of 18753088 and 4402?
142
Calculate the greatest common divisor of 131825 and 14900.
25
What is the greatest common divisor of 583 and 476509?
11
Calculate the highest common factor of 403 and 19366971.
403
Calculate the greatest common factor of 449230 and 54108.
334
Calculate the greatest common divisor of 1390 and 49972446.
278
Calculate the greatest common factor of 150877 and 22957639.
4867
Calculate the highest common factor of 280 and 9213540.
140
What is the greatest common factor of 111 and 424892164?
37
Calculate the highest common divisor of 850 and 49430.
10
What is the greatest common divisor of 91 and 333789781?
13
Calculate the highest common divisor of 3224 and 1085403124.
1612
What is the highest common divisor of 4750 and 1303172?
38
Calculate the highest common divisor of 8365 and 67235.
35
Calculate the greatest common divisor of 18651607 and 26.
13
Calculate the highest common factor of 35 and 28665595.
35
Calculate the greatest common factor of 78250 and 680.
10
What is the greatest common factor of 2347504 and 464?
16
Calculate the greatest common divisor of 253 and 1014739.
11
Calculate the highest common factor of 24504913 and 10237.
29
Calculate the greatest common factor of 3220 and 3658748.
92
What is the greatest common divisor of 528216 and 105144?
312
Calculate the greatest common divisor of 2688 and 376728.
24
What is the greatest common divisor of 1134 and 2995986?
42
What is the greatest common divisor of 1112584 and 30691?
47
What is the highest common factor of 57271652 and 327?
109
Calculate the greatest common divisor of 2675 and 21634330.
535
What is the greatest common divisor of 435 and 102517755?
435
Calculate the greatest common divisor of 1013790 and 35250.
1410
What is the highest common divisor of 107980564 and 124?
124
What is the highest common divisor of 2434937 and 1969?
179
Calculate the greatest common divisor of 347750069 and 451.
41
Calculate the greatest common divisor of 852 and 2255457.
213
What is the greatest common factor of 703 and 43610901?
37
Calculate the highest common factor of 55484240 and 176.
16
What is the greatest common factor of 28 and 44576980?
28
Calculate the greatest common factor of 1051612014 and 6.
6
What is the highest common divisor of 89 and 3495208?
89
What is the highest common factor of 31506 and 35778?
534
What is the highest common divisor of 560 and 12382640?
80
Calculate the highest common divisor of 2926 and 5013568.
266
Calculate the greatest common factor of 6607909 and 77.
77
Calculate the greatest common divisor of 28828 and 85323673.
7207
Calculate the highest common factor of 198000 and 23700.
300
What is the highest common factor of 410 and 9517248?
82
Calculate the highest common factor of 3935 and 614229890.
3935
What is the highest common factor of 1371 and 46460905?
457
What is the highest common divisor of 112780 and 8940?
20
What is the greatest common divisor of 204782 and 2237744?
646
What is the greatest common factor of 124890 and 12054990?
690
What is the greatest common factor of 192 and 301776?
48
Calculate the greatest common divisor of 874319 and 47601.
43
Calculate the greatest common divisor of 8892 and 16043391.
2223
Calculate the highest common divisor of 15019597 and 83.
83
What is the greatest common divisor of 21662964 and 64719?
1377
Calculate the highest common divisor of 140 and 3446955.
5
What is the highest common divisor of 29047096 and 1352?
104
What is the greatest common divisor of 3507511 and 8393?
763
Calculate the greatest common divisor of 104224400 and 60.
20
What is the greatest common divisor of 2460029 and 29029?
143
Calculate the greatest common divisor of 561568 and 463568.
112
What is the highest common divisor of 5453 and 6152846?
133
What is the highest common divisor of 980 and 208825015?
245
What is the greatest common divisor of 17942 and 9972?
2
What is the greatest common factor of 3274923 and 307518?
1437
What is the highest common divisor of 901374 and 3060?
102
Calculate the highest common factor of 24968478 and 204.
102
What is the greatest common divisor of 6383 and 467363?
13
What is the highest common factor of 34240189 and 15332?
3833
Calculate the greatest common factor of 1652970 and 7482.
6
Calculate the greatest common factor of 61107363 and 27.
9
Calculate the greatest common divisor of 11849625 and 718875.
3375
Calculate the highest common divisor of 14174 and 1843.
19
Calculate the greatest common factor of 1936911 and 718797.
5487
What is the highest common divisor of 343496 and 152?
8
What is the greatest common factor of 6325126 and 1378?
106
Calculate the greatest common divisor of 615 and 9973250.
205
Calculate the highest common divisor of 71974 and 35564662.
1358
Calculate the greatest common factor of 1887629100 and 21.
21
Calculate the greatest common factor of 116204 and 5947.
19
What is the greatest common divisor of 80396272 and 1572?
524
What is the highest common factor of 5028464 and 798?
266
What is the highest common divisor of 106 and 267908216?
106
What is the highest common factor of 42 and 975135?
21
Calculate the greatest common divisor of 96560235 and 30.
15
Calculate the highest common factor of 1831837 and 14.
7
Calculate the highest common divisor of 5448 and 1724159432.
1816
Calculate the highest common divisor of 68786042 and 2470.
494
Calculate the greatest common divisor of 516098089 and 26.
13
What is the highest common factor of 1041660 and 134055?
405
What is the greatest common divisor of 165946 and 114950?
418
What is the greatest common divisor of 20965221 and 9?
9
What is the greatest common divisor of 4922 and 506360594?
4922
Calculate the greatest common factor of 228566530 and 170.
170
Calculate the highest common divisor of 238697 and 5912.
739
Calculate the highest common divisor of 21276219 and 19665.
1311
What is the highest common factor of 4940 and 268461830?
2470
What is the highest common divisor of 25 and 129500475?
25
Calculate the highest common factor of 157279541 and 1.
1
What is the greatest common divisor of 727645 and 28245?
1345
Calculate the highest common factor of 11438 and 1252328.
266
Calculate the greatest common divisor of 888 and 220792.
8
What is the greatest common divisor of 45093709 and 4781?
683
Calculate the greatest common factor of 1373928270 and 990.
330
Calculate the highest common factor of 1324 and 1962854494.
662
Calculate the highest common factor of 37440 and 1445886.
234
Calculate the highest common divisor of 75118 and 38956848.
3266
What is the highest common factor of 40844756 and 708?
236
Calculate the highest common factor of 8616995 and 3235338.
10573
What is the greatest common factor of 53760 and 75164160?
7680
Calculate the 